42b (base 12) to base 10
-1796003
What is -131372 (base 16) in base 7?
-13424534
Convert 622712 (base 11) to base 16.
f3ec6
Convert -79f02 (base 16) to base 11.
-311283
-100100001100011000 (base 2) to base 6
-3102200
Convert 55545222 (base 6) to base 3.
10011021001012
What is -599a13 (base 11) in base 6?
-32211111
What is -34014050 (base 6) in base 4?
-3323020032
What is 44005543 (base 6) in base 11?
813508
What is f372 (base 16) in base 7?
346461
-100122321211 (base 4) to base 6
-232132101
Convert -150532402 (base 6) to base 3.
-12212122110102
Convert 378691 (base 12) to base 11.
56a031
What is -111001111110100101000000 (base 2) in base 13?
-31c1b17
Convert -223302332 (base 6) to base 13.
-acc56b
-19e619 (base 15) to base 12
-50b320
What is -39991 (base 12) in base 4?
-103110331
3030011211 (base 4) to base 3
1120110200210
-510444 (base 6) to base 3
-2001100101
-4312431 (base 5) to base 12
-36202
What is 101010110111111 (base 3) in base 15?
714c81
What is -123200321 (base 4) in base 5?
-12101242
What is cb53c (base 15) in base 11?
401228
What is 325131 (base 7) in base 16?
deb1
10101111000011111101 (base 2) to base 6
23211405
What is -67521730 (base 8) in base 2?
-110111101010001111011000
153248 (base 10) to base 4
211122200
112000001122 (base 3) to base 8
1032226
What is -12512121 (base 7) in base 5?
-243133102
Convert -50402332 (base 6) to base 13.
-3b1665
Convert -1210b76 (base 13) to base 4.
-111113022220
4421322 (base 5) to base 16
12aae
525214 (base 6) to base 16
a68a
Convert 85b8 (base 13) to base 11.
12a54
53a51a (base 12) to base 4
11003111212
37847 (base 14) to base 10
136087
-1211020102021 (base 3) to base 16
-ec9b9
Convert -10021202020 (base 3) to base 2.
-1111110010111010
Convert 221354503 (base 6) to base 16.
3cfbc7
Convert 4e7c (base 15) to base 13.
782a
What is 124036436 (base 7) in base 12?
278713b
What is 177645 (base 9) in base 14?
2c446
Convert 31bbc (base 15) to base 3.
22000121020
What is 3859a (base 13) in base 10?
104231
-1327606 (base 8) to base 2
-1011010111110000110
Convert 2244121 (base 11) to base 3.
21101121221000
Convert -958889a (base 11) to base 13.
-365c49a
-1001010110010011000 (base 2) to base 7
-2414041
-26345035 (base 7) to base 4
-21031202122
Convert -18796 (base 13) to base 9.
-72064
Convert 10540452 (base 6) to base 3.
121110200112
Convert 330725 (base 9) to base 11.
125363
What is 131585 (base 12) in base 8?
1144365
-189b817 (base 12) to base 3
-100202100100101
2672234 (base 8) to base 12
302564
Convert -2455040 (base 6) to base 8.
-401640
What is -15c6c (base 15) in base 10?
-70302
-457252 (base 9) to base 10
-274313
a7b8c (base 15) to base 12
218196
963796 (base 13) to base 8
15334604
What is 513124531 (base 6) in base 4?
201223213213
8395 (base 10) to base 8
20313
What is -204543 (base 7) in base 15?
-a6ac
-1114114133 (base 5) to base 13
-6919b0
What is 102322301122 (base 4) in base 10?
4959322
What is 1021033332 (base 4) in base 9?
506506
10ace (base 15) to base 9
80715
103544 (base 16) to base 7
12012554
Convert -5650430 (base 7) to base 15.
-dcbde
Convert -1111110000100000 (base 2) to base 5.
-4031134
What is 2182364 (base 9) in base 14?
2288ca
What is 34245016 (base 8) in base 11?
421117a
-11011100110111010 (base 2) to base 6
-2231310
-b0f68d (base 16) to base 15
-1041438
What is 44505150 (base 7) in base 16?
3ac16a
Convert -2214441 (base 8) to base 11.
-377a82
-110201120202 (base 4) to base 9
-11108403
What is -426306 (base 7) in base 13?
-27a3b
What is -7374a (base 14) in base 11?
-180337
Convert 97836a (base 11) to base 5.
400004113
What is 2197911 (base 10) in base 7?
24452622
What is -4d11d (base 15) in base 11?
-159328
Convert 12da63a (base 14) to base 9.
18160426
-230220230 (base 4) to base 5
-21322303
-1001214 (base 7) to base 4
-130311111
What is 857666 (base 10) in base 7?
10201325
-310330101 (base 4) to base 13
-77919
1a58 (base 14) to base 10
4782
What is 4969105 (base 11) in base 6?
505031514
What is -10021222210211 (base 3) in base 12?
-705827
What is -10011100010110101111111 (base 2) in base 14?
-975211
638bc (base 13) to base 4
223310020
-2022101 (base 6) to base 9
-156171
-dc742 (base 14) to base 12
-218a86
What is -821630 (base 11) in base 9?
-2431352
Convert -123223123 (base 4) to base 10.
-113371
12a382 (base 12) to base 6
10334242
876368 (base 9) to base 2
1111111101011110110
5153143 (base 8) to base 15
1be953
What is 18b178 (base 14) in base 15?
1246ad
Convert -15a9d80 (base 14) to base 3.
-202000001212002
Convert -11230312 (base 5) to base 7.
-603152
What is -1432390 (base 10) in base 14?
-294018
Convert -320305520 (base 6) to base 11.
-31a097a
Convert -2222220210021 (base 3) to base 9.
-2886707
21c67 (base 14) to base 15
1947e
What is 13120012203 (base 4) in base 12?
793083
-132946 (base 16) to base 4
-10302211012
-1132002100 (base 4) to base 12
-166a94
What is -352cd (base 15) in base 3?
-22121100211
What is e168 (base 15) in base 5?
3010243
21452058 (base 9) to base 3
201111202001222
Convert 12021222021110 (base 3) to base 13.
776b95
Convert -220105 (base 7) to base 8.
-113106
3000772 (base 10) to base 7
34335415
What is 3a473 (base 16) in base 7?
2012640
13323210 (base 5) to base 2
100001001101110111
What is -47c55 (base 15) in base 6?
-4523425
10010111010110 (base 2) to base 4
2113112
-d0616 (base 14) to base 4
-1322031330
Convert 5abb6 (base 14) to base 8.
661214
105d4a (base 15) to base 13
2138bc
ac4d71 (base 14) to base 8
26247267
What is 1152060 (base 12) in base 5?
1323421044
What is -2732505 (base 9) in base 12?
-602928
What is -12013442 (base 5) in base 14?
-2c3a9
What is -24375 (base 14) in base 5?
-10312444
What is -22785353 (base 9) in base 4?
-222111213123
190431 (base 13) to base 2
10011001100101000010
What is 2140513 (base 7) in base 16?
3ff4c
Convert 1311224 (base 6) to base 11.
49867
39107 (base 10) to base 16
98c3
Convert -31151531 (base 8) to base 11.
-3803515
-11001000101100 (base 2) to base 10
-12844
What is -31466460 (base 7) in base 2?
-1010001100011001010000
-232552 (base 6) to base 5
-1120314
Convert 111175 (base 11) to base 7.
1335460
Convert 100131023101 (base 4) to base 7.
51444463
100100011001001010 (base 2) to base 16
2464a
What is 112012011110112 (base 3) in base 10?
7541843
What is 14111333 (base 5) in base 12?
6b815
Convert -40b5 (base 13) to base 7.
-35024
26a39b (base 14) to base 12
544205
-64779 (base 11) to base 8
-267627
Convert 128487 (base 15) to base 3.
1200011000001
What is -13651403 (base 7) in base 11?
-801118
Convert c86b (base 13) to base 8.
66235
What is 1001100000101010010101 (base 2) in base 8?
11405225
Convert 96747 (base 10) to base 4.
113213223
Convert -664517 (base 10) to base 5.
-132231032
What is 248987 (base 10) in base 15?
4db92
16c52 (base 16) to base 9
151838
Convert 1132012001 (base 5) to base 16.
27d44b
Convert 1241150 (base 7) to base 6.
3242422
What is 4657056 (base 8) in base 14?
2507dc
234105420 (base 6) to base 4
100300322310
-101001110010001 (base 2) to base 11
-15089
What is 12330012 (base 6) in base 8?
1416130
Convert 304010242 (base 5) to base 3.
2022202012102
-10b9d2 (base 14) to base 7
-4562452
1372557 (base 13) to base 8
27343606
1000011110001110010010000 (base 2) to base 4
1003301302100
What is -433208 (base 12) in base 9?
-2000158
-325646 (base 16) to base 9
-6177188
Convert 16635436 (base 9) to base 16.
7f679a
What is 25a32 (base 11) in base 9?
56003
Convert 30322210 (base 4) to base 3.
2200120021
What is -10110011011 (base 3) in base 10?
-67909
3b813 (base 12) to base 16
141cf
What is -1756353 (base 9) in base 10?
-982254
What is 33402500 (base 6) in base 8?
3667444
Convert 6d822 (base 15) to base 8.
1252421
What is 1023102233 (base 4) in base 3?
120200001012
-2022049 (base 10) to base 7
-23121121
1a9036 (base 13) to base 2
10100101001101110001
What is 20032113332 (base 4) in base 9?
4045458
Convert 1545102 (base 7) to base 14.
57902
What is 5336001 (base 9) in base 12?
b5a20a
What is 30301021 (base 4) in base 5?
3133142
What is 10613792 (base 10) in base 16?
a1f420
Convert -325b22 (base 15) to base 4.
-21021220211
acdb8 (base 15) to base 3
1000221020202
What is 96d5 (base 14) in base 4?
12113023
-5ba56 (base 12) to base 15
-26be9
Convert 11721053 (base 8) to base 16.
27a22b
144126a (base 1